e factors of (-2065)/d - 21/84?
2, 3, 43
Let d be 3/(-1*3/321). Let f = d - -643. Let g = -115 + f. What are the prime factors of g?
3, 23
Let v(j) = 7808*j**3 - 6*j**2 + 3*j + 2. List the prime factors of v(1).
37, 211
Let c = -586 + 1237. Suppose -2*s + 3*x + 21 = 0, 12*s - 7*s - 2*x = 58. What are the prime factors of (-1)/4 + c/s?
2, 3
Let l = -52 + 54. Suppose -440 = -2*y - 2*h + 472, y = -l*h + 461. What are the prime factors of y?
11, 41
Suppose 0 = 23*j - 56839 + 6205 + 4220. List the prime factors of j.
2, 1009
Let m(s) = 31*s**2 + 2*s - 2. Let f(n) = n**2 + 9*n + 10. Let o be f(-8). Let z be m(o). Suppose 4*u - 6*u = -z. List the prime factors of u.
3, 7
Let u = 181670 + -128116. List the prime factors of u.
2, 26777
Let f be (13 + (7 - -2974))*2/6. Suppose -w + 2*x + f = 7*x, w + 4*x = 996. What are the prime factors of w?
2, 13, 19
Let q = 10025 + -9260. What are the prime factors of q?
3, 5, 17
Suppose 3*b - 12*b = 9*b - 118530. List the prime factors of b.
3, 5, 439
Let m(j) = -4*j**3 + 2*j**2 + 2*j. Let b be m(-1). Suppose 0 = -3*l + 50*t - 53*t + 1200, -b*l + 1605 = 5*t. What are the prime factors of l?
5, 79
Suppose -20*f = -19*f - 1929. Let p = -1225 + f. What are the prime factors of p?
2, 11
Let n = 43 - 41. Suppose 0 = r - n*h - 13, -3*h = 4*r + 5 - 13. Suppose -r*k + 2*s + 360 = 0, -k + 17 = -4*s - 73. List the prime factors of k.
2, 5, 7
Let x = -33 + 24. What are the prime factors of (-3)/(-3) + 491 + 9 + x?
2, 3, 41
Let r be (((-854)/6)/1)/(1/(-9)). Suppose -r = -t - 3*b, -3*b = -22 + 7. List the prime factors of t.
2, 3, 211
Let u be (-98)/(-34) + (-8)/(-68) - 2. What are the prime factors of (3984/36)/(u/6)?
2, 83
Let w(y) = -14*y - 18*y - 24 + 6*y. Let q be w(-4). Let k = q - -94. List the prime factors of k.
2, 3, 29
Let k = 73 - 63. Suppose k*g = 14*g - 16. Suppose g*f - 447 = 429. What are the prime factors of f?
3, 73
Let l = 198 + -206. Let s(n) = 14*n - 5*n + 24 - 3 - 13*n**2 - 2*n**3 + 0*n**3. List the prime factors of s(l).
3, 47
Suppose 4*z = -4*n + 756, 3*z = n - 2*z - 159. Let u = n - -14. Suppose -5*c + 496 = 4*j, 5*c = 3*j + 666 - u. List the prime factors of c.
2, 3
Suppose -2*p + 5*c = -0*p - 19, 5*c = -3*p - 9. Let y(g) = 18*g**2 - g - 1. What are the prime factors of y(p)?
3, 23
Let v(w) = -2*w**3 + 10*w + 2. Let z be v(-3). Suppose 30*r = z*r + 7524. List the prime factors of r.
3, 11, 19
Let f(r) = -836*r - 3577. List the prime factors of f(-9).
3947
Let u = -14 + -71. Let x(j) = -6*j + 36. Let d be x(-14). Let o = u + d. List the prime factors of o.
5, 7
Suppose 263*o = 321*o - 2021938. List the prime factors of o.
71, 491
Suppose 9*w = 7*w + 4. Suppose 0 = -l + 2*g + 1, -2*l + w*g = -3*g - 1. Let f = l + 10. What are the prime factors of f?
13
Let o(p) = 1724*p + 1160. What are the prime factors of o(8)?
2, 3, 7, 89
Suppose 2*q = 3*w + 13268, -4*w - 26528 = -43*q + 39*q. List the prime factors of q.
2, 1657
Let u = -352 - -564. Suppose -9*t + 11*t - u = 0. What are the prime factors of t?
2, 53
Suppose 3*z - 10 = u + z, 0 = 3*u - 3*z + 15. Suppose -x = 3*q - u*x + 180, -4*q + x = 247. Let r = -47 - q. List the prime factors of r.
2, 7
Let s = -80 - -45. Let w = s + 41. Suppose w*b - 5*b - 58 = 0. What are the prime factors of b?
2, 29
Suppose 2*q + 2*w = -2*w - 22, -2*q = 5*w + 26. What are the prime factors of (-7 + 3 - q)*(-276 - 8)?
2, 71
Let b(m) = 4*m - 9. Let l be b(1). What are the prime factors of 1*270 + (-1)/(l/5)?
271
Let z = 36 + -33. Suppose -z*t = -3*l - 29 - 82, l - 27 = -t. Suppose 33*a - 123 = t*a. What are the prime factors of a?
3, 41
Suppose -3*m = -15, -3*q + 229*m - 226*m + 23475 = 0. What are the prime factors of q?
2, 3, 5, 29
Let v(y) = 3*y + 26. Let t be v(-8). Let n(u) = 3 + 10*u**t + 11*u + u - 6*u. What are the prime factors of n(-5)?
223
Suppose -24*a + 21*a + 1881 = 0. Suppose 7799 = 22*g - a. What are the prime factors of g?
383
Let a(r) = -8*r**2 + 19*r + 7. Let c be a(10). Let n = c - -1062. List the prime factors of n.
3, 17
Let r(v) = 419*v - 1447. List the prime factors of r(17).
2, 3, 11, 43
Suppose d = -26 + 31. Suppose 0 = -m - d*g + 15, 2*g + g = 9. Suppose m = -2*x - 0*x + 102. What are the prime factors of x?
3, 17
Let b be (-7)/2*(-7)/(196/32). Let p be (-12)/8*b/(-12)*10. Suppose 2*s - 236 = 3*o - 5*o, 2*s - p*o = 271. List the prime factors of s.
3, 41
Let r(c) = 26*c + 12. Let k be r(6). List the prime factors of k + -10*((-55)/25 - -2).
2, 5, 17
Suppose 70*g - 86 = 69*g. List the prime factors of g.
2, 43
Let s be (-256)/(-3)*(12 + 9). Let w be s + -1 - (1 - 2). Suppose -2*x + 572 - w = -4*z, -2*z + 5*x = -594. What are the prime factors of z?
307
Let q(n) = -n**3 + 38*n**2 - 42*n + 327. What are the prime factors of q(19)?
2, 1597
Let f(i) = -15*i**2 + 7*i - 10. Let m be f(2). Let j = m - -99. List the prime factors of j.
43
Suppose -312*q + 299*q = -31182 - 65967. What are the prime factors of q?
3, 47, 53
Let q be 0*(3 - 4) - -3. Suppose 4*a + 52 = 5*y, q*y - 3*a = 7*y - 54. Suppose -y*o + 17*o - 55 = 0. What are the prime factors of o?
11
Let j(f) = -9654*f + 10085. What are the prime factors of j(-6)?
47, 1447
Let v be (-1)/2*(-34 - -10). Suppose v - 26 = -2*m. Suppose -m*d = -5*d - 74. What are the prime factors of d?
37
Let x(l) = -2*l**2 + 25*l + 13. Let b be x(13). Suppose -4*k - 1744 = 4*m, b*k = -m + 2*k - 439. What are the prime factors of 2/(-15) - m/15?
29
Suppose b - 5101 = -5*i, -104 = -2*i + 5*b + 1958. Suppose -610*v = -609*v - i. List the prime factors of v.
1021
Let y = 49 - 39. Let o be (-6 + y)*1/2. Suppose -o*b + 5*p + 120 = 0, 4*b - 3*p = -0*p + 254. What are the prime factors of b?
5, 13
Suppose -22*g + 27*g = 2*f + 4, -4*g - 5*f = -23. Suppose 355 - 55 = g*d. What are the prime factors of d?
2, 3, 5
Let p(k) be the second derivative of 29*k**4/6 + 23*k**3/6 - k**2/2 - 2*k - 247. List the prime factors of p(5).
2, 17, 23
List the prime factors of (-2285580)/(-42) + 7 + 5 + 96/(-21).
2, 3, 47, 193
Let b(t) = -28*t**3 - 6*t**2 - 13*t - 31. Let v be b(-5). Suppose -27*q + v = -423. List the prime factors of q.
3, 47
Let a = -25981 - -55093. List the prime factors of a.
2, 3, 1213
Let q(s) = 10*s**3 + 3*s**2 + 13*s + 51. Let d be q(-3). Let p = d + 538. List the prime factors of p.
307
Suppose -11*w = -0*w + 44. Let r be (-26)/(-6) + w/(-6). Suppose -455 = -3*l - 2*m, -3*l - r*m = -m - 463. List the prime factors of l.
149
Suppose 8 = -5*c + c + 4*b, b = 5*c + 2. Suppose 4*f + 140 + 176 = c. Let v = 209 + f. List the prime factors of v.
2, 5, 13
Suppose -2*w - 4*x + 66129 = 9671, 4*w - 112868 = 4*x. What are the prime factors of w?
3, 23, 409
Let s(t) = -t**3 - 37*t**2 - 66*t + 13. Let o be s(-35). Let a = o - -252. What are the prime factors of a?
5
Let c(p) = -3*p + 11. Suppose g + 11 = -a, -a + 17 = -5*g - 8. Let z be (2/g)/(1 + 60/(-54)). What are the prime factors of c(z)?
2
Let c(o) = -o**2 + 19*o + 14. Let l be c(13). Let h = 324 + l. List the prime factors of h.
2, 13
Let d = 85 + -83. Suppose s + 0 = d*a + 5, 0 = 3*s - 3. What are the prime factors of (a + 3/2 - -1)*342?
3, 19
Let f(r) = -3*r**3 - 4*r**2 + 5*r - 12. Let p be f(-8). Let u = 13 - 12. What are the prime factors of u/(4 - p/308)?
7, 11
Let f = -196 - -92. Let u = -37 - f. What are the prime factors of u?
67
Let z(j) = -j**2 + j + 137. Let i be z(12). Suppose 2*y = -4*m + 1420 + 1158, -i*y = -m + 628. What are the prime factors of m?
643
Let g(o) = 3*o**2 + 4. Let s be g(0). Suppose -53 = -s*w + 3. List the prime factors of (-1150)/(-12) + w/84.
2, 3
Suppose 2*q + 28*k - 26*k - 6158 = 0, -12307 = -4*q - k. List the prime factors of q.
2, 769
Let b(k) = -74*k + 8. Suppose -2*v + 4*l - 30 = 0, 0 = -2*v - 0*l - 2*l. List the prime factors of b(v).
2, 3, 7
Let s(f) = -f**2 + 7*f - 21. Let b be s(8). Let d(z) = -35*z - 104. What are the prime factors of d(b)?
911
Let q(l) = 13*l - 13. Let h be q(1). Suppose 28*x + 13*x - 62074 = h. What are the prime factors of x?
2, 757
Let t(q) = -481*q + 195. What are the prime factors of t(-26)?
13, 977
Let o be 2597*(1065/21 + -7). What are the prime factors of 6/(-4) - (o/12)/(-17)?
3, 5, 37
Let o(j) = -1168*j**3 - 3*j**2 - 73*j - 143. What are the prime factors of o(-2)?
5, 1867
Let s = -107 - -113. Let j be -42*3*(-